 + 93. Suppose 5*t + 59 = 219. What is the remainder when t is divided by j?
15
Suppose -44 = -3*a + 4*x + 18, -2*a - 2*x = -32. Let c = 22 + 11. What is the remainder when c is divided by a?
15
Let n(b) = -3*b**2 + 2*b + 22. Let m(h) = 4*h**2 - 3*h - 33. Let a(l) = -5*m(l) - 7*n(l). Calculate the remainder when a(0) is divided by 7.
4
Let q(s) be the first derivative of 2*s**2 - 13*s - 7. Calculate the remainder when 36 is divided by q(8).
17
Suppose -31 - 42 = -z. Calculate the remainder when z is divided by 26.
21
Let r be (8/(-6))/(6/(-9)). Suppose r*h - 32 = h. What is the remainder when h - (-6 - 6/(-2)) is divided by 12?
11
Suppose 2*u + 4*d = 80, 0 = 7*u - 2*u - 2*d - 260. Let i = u - 15. What is the remainder when i is divided by 12?
11
Let n be 5/(-4)*20/(-5). Suppose -4*s + 4*h - 4 = 0, 0 = -3*s - n*h + 2 - 21. What is the remainder when ((-34)/3)/(1/s) is divided by 12?
10
Let s = 22 + -13. Calculate the remainder when s is divided by 2.
1
Suppose 2*u = -4*f + 92, f = -2*f - 3*u + 75. Suppose -2*k = 4*b + 2*k - 184, 5*k - 66 = -b. What is the remainder when b is divided by f?
20
Let i be 18*6/9 - 1. Suppose i = 5*s - 9. Calculate the remainder when 16/(-2)*6/(-8) is divided by s.
2
Let m(n) be the first derivative of n**4/4 - n**3/3 - n**2 - 3. Let j be m(-2). Let t = -3 - j. What is the remainder when 14 is divided by t?
4
Let y = -2 - -5. Suppose -y*b - 2*u + 4*u = -25, -b = -3*u - 13. Calculate the remainder when 20 is divided by b.
6
Suppose -u - 68 = -4*x, 32 = 2*x - 4*u + 3*u. What is the remainder when 38 is divided by (-2)/(-6) + 138/x?
6
Let o(u) be the second derivative of u**4/12 + u**3/3 - 7*u. Calculate the remainder when 43 is divided by o(3).
13
Suppose c = -10*c + 66. Calculate the remainder when 29 is divided by c.
5
Suppose s + 21 = y, -2*y + 3*s + 38 = -s. What is the remainder when 45 is divided by y?
22
What is the remainder when 43 is divided by ((-6)/5)/(3/(-40))?
11
Let w be (-280)/(-88) + 4/(-22). Suppose w*d + 27 = 5*p - 0*d, 0 = -4*p - 4*d + 28. Let r = 5 + p. What is the remainder when 32 is divided by r?
10
Suppose -80 = -4*r - r - f, -r - 4*f = 3. What is the remainder when r is divided by 5?
2
Let x = -34 - -21. Let t = -11 + -33. Let r = x - t. Calculate the remainder when r is divided by 17.
14
Let v(x) = x**3 + 8*x**2 + 3*x - 22. Calculate the remainder when 45 is divided by v(-7).
3
Let g(p) = 4*p**2 - 3*p - 2. Calculate the remainder when 74 is divided by g(3).
24
Suppose -h = 5*x - 271, -3*x + 161 = -4*h - 20. What is the remainder when x is divided by 4?
3
Suppose -4*p - 2*c = -30, p = 3*c + 28 - 3. Calculate the remainder when 0/(-5) + 12 - (-2 - 2) is divided by p.
6
Let d(l) = -1 - 2*l + 2 - l + l**2 + 2*l. Let a be d(0). Suppose -t + 2 + a = 0. Calculate the remainder when 5 is divided by t.
2
Let h(y) = y**3 - y**2 - y + 1. Suppose -4*q + 5*d = -0*q - 10, -3*q + 8 = -4*d. Suppose q = 5*v - 10 - 0. What is the remainder when 8 is divided by h(v)?
2
Let i = 35 + 2. Suppose 3*o - i = 2. Calculate the remainder when o is divided by 8.
5
Let i = 11 - 1. Let v be (-254)/i + 12/30. Let s = v + 78. Calculate the remainder when s is divided by 14.
11
Suppose -122 = -2*w - q + 3*q, 4*w - 5*q = 243. What is the remainder when w is divided by 16?
14
Suppose -z - 10 = -6*z. Suppose 0 = -2*x - z*x. Suppose 4*p - 21 - 23 = x. Calculate the remainder when p is divided by 4.
3
Let a(l) = -4*l**3 - 4*l**2 - l - 1. Let d be a(-3). Suppose 3*f - 41 = -o + 18, o = 4*f - d. Calculate the remainder when f is divided by 5.
4
Let j(b) = b**3 - 3*b**2 + 8*b + 3. Calculate the remainder when 52 is divided by j(3).
25
Calculate the remainder when (((-83)/4)/1)/(4/(-16)) is divided by 17.
15
Suppose 0 = 6*s - 2*s - 168. What is the remainder when s is divided by 24?
18
Suppose 5*b = 4*f + 23, -3*f = -4*b + f + 16. Suppose 2*w + 30 = b*w. Calculate the remainder when 10 is divided by w.
4
Let h = 17 + -15. Suppose -h*k = -2 - 40. What is the remainder when k is divided by 12?
9
Suppose -4*l - 57 = -4*f + 151, 116 = 2*f + 2*l. What is the remainder when f is divided by 19?
17
Suppose 2*z = 7*z - 170. What is the remainder when z is divided by (-44)/(-5) - 2/(-10)?
7
Suppose d + 1 = -5*y + 5, -2*d + 8 = -y. Suppose -d*z = -3*z + 6. Calculate the remainder when 27 is divided by 16/z*168/(-32).
13
Let r(q) = q**2 + 6*q + 4. Let z be r(-5). Calculate the remainder when (355/10)/(4/8) is divided by z/(-2) - (-47)/2.
23
Suppose -2*m + 6*m = 0. Suppose -i + 47 = 2*w, -3*w + 67 = -0*i + 5*i. What is the remainder when w is divided by (-2 - m/(-1)) + 15?
11
Let h be (-2)/(-5) + (-13)/(-5). Let w be ((-4)/6)/(4/12). Calculate the remainder when 11 is divided by (-9)/w*4/h.
5
Suppose 3*p + 269 = 7*p + 5*m, 3*p = -m + 199. What is the remainder when p is divided by 35?
31
Suppose 46 = 3*b - 5*r, -b + 12 = -0*b - r. Let g = b + -10. Let s(t) = 8*t**2 + 2*t - 4. Calculate the remainder when s(g) is divided by 21.
20
Let w be 34/4 + (-5)/(-10). Let i(j) = -j**2 + 10*j + 3. What is the remainder when 35 is divided by i(w)?
11
Suppose -r - 6 = -y - 3*r, 0 = -2*y + 2*r + 6. Suppose -u + y*u - 12 = 0. Calculate the remainder when 13 is divided by u.
1
Suppose 32*c - 19*c - 104 = 0. What is the remainder when 11 is divided by c?
3
Suppose 12*u - 56 - 28 = 0. What is the remainder when 32 is divided by u?
4
Let o = 3 + -1. Let j(h) = -h**2 - h**3 - 5*h - 4*h**o - 4 + 0. Calculate the remainder when 40 is divided by j(-5).
19
Suppose 2*i - 2 = -2*g, 3*g + 1 = i + 5*g. Let k = 2 - 2. What is the remainder when i is divided by -1 + 1 + (k - -1)?
0
Let u = 9 + -3. Suppose -160 = a - u*a. Calculate the remainder when (a/(-40))/(4/(-110)) is divided by 12.
10
Let v = 24 + -20. What is the remainder when 19 is divided by v?
3
Let x be (6/7)/(1/7). Suppose 6*b - 2*b = -5*w - x, -4*b = -w - 6. Calculate the remainder when b is divided by 1.
0
Suppose -4*m - m = 2*r + 2, 4*r - 22 = 3*m. Suppose -r*x + 19 = p - 4, -3*x + 12 = 0. Let h(a) = -4*a - 25. Calculate the remainder when h(-11) is divided by p.
5
Suppose o = 9 + 7. Calculate the remainder when 60 is divided by o.
12
Suppose -3 = 2*j - j. Calculate the remainder when 12 is divided by 0 - 4/(-2) - j.
2
Let y = 32 + -3. What is the remainder when y is divided by 8?
5
Let u(q) = -q**3 - q**2 + 2*q + 1. Calculate the remainder when 36 is divided by u(-3).
10
Let i = 218 - 149. What is the remainder when i is divided by 27?
15
Let d be 2/(1 + (-2)/4). Let c = d + -3. What is the remainder when 49 + (2 + -3)/c is divided by 17?
14
Let x(s) be the first derivative of -1 + 9*s - 1/2*s**2. Calculate the remainder when x(8) is divided by 1.
0
Let u(z) = -z - 5. Calculate the remainder when u(-11) is divided by 4.
2
Suppose 5*k + m + 5 = -3*m, 5*k + 2*m - 5 = 0. Let c be 34/(-10) + (-4)/(-10). Let l = k - c. What is the remainder when 11 is divided by l?
5
Let r(b) = b**3 + 5*b**2 + 2*b + 3. What is the remainder when r(-2) is divided by 7?
4
Let l(o) = 4*o + 38. Calculate the remainder when l(11) is divided by 44.
38
Let l(j) = -3*j - 6. Let u be l(-4). Suppose -u*y - 17 = -7*y. Calculate the remainder when 33 is divided by y.
16
Suppose -4*r + 2*r = l - 38, -3*l = -r + 33. Let g = -1 + r. What is the remainder when 38 is divided by g?
18
Let c = 151 - 17. Suppose 0 = 3*f - c - 97. What is the remainder when f is divided by 26?
25
Suppose -4*s - 3*r = -0*s - 66, -2*s + r + 28 = 0. Let n be -1 + -1 - s/(-3). Suppose n*x = 2*x + 29. What is the remainder when x is divided by 10?
9
Calculate the remainder when 40 is divided by (81/15 + -3)/((-4)/(-30)).
4
Let r = 1 + 4. What is the remainder when 13 is divided by (-5)/5 - (-1 - r)?
3
Let p(l) = -2*l**3 - 10*l**2 + l + 3*l**3 + 2 + 2*l**2. Calculate the remainder when 27 is divided by p(8).
7
Suppose -5*n = -a + 62, -n - 3*n = a - 17. Suppose 5 = 3*b - a. Calculate the remainder when 26 + 2/2 + 0 is divided by b.
13
Suppose -5*y = -20 - 45. What is the remainder when 24 is divided by y?
11
Suppose g = -3*j - 36 + 190, -5*g = -5*j + 290. Let f = j - 36. Calculate the remainder when 66 is divided by f.
15
Let b(z) = z**3 - 2*z**2 - 2*z - 3. Let a be b(3). Suppose 120 = 2*v - a*v. Calculate the remainder when v is divided by 21.
18
Let y be -1*3 - (-1 + 0)